 = 4*h - 676. Let q = o - k. Is q prime?
True
Let t be (18 - 14) + 2*-1. Suppose -20 = -p + 4*a, 5*p + 2*a - t = -12. Suppose -9*j + 19177 = -4*j + 4*c, p = -2*j - 2*c + 7670. Is j composite?
True
Suppose -l = 2*f - 42263, 0 = -135*f + 136*f + l - 21134. Is f composite?
True
Let w = -204 + 117. Let h be (-8 - -10) + -3 + w. Let g = 147 + h. Is g a prime number?
True
Let g be (-58465)/(-6) + 16/(-96). Suppose d = 3*d - 3*f - 19483, 0 = -d - f + g. Is d a composite number?
False
Let i(b) = 11842*b**2 + 12*b - 1. Is i(-1) a composite number?
True
Let o = 1382 - 533. Let k = o + -448. Is k composite?
False
Is ((-2)/4)/(13/5072457)*(-2)/3 composite?
True
Let h(t) = 5795*t**2 - 539*t - 4883. Is h(-9) prime?
True
Let h = 20 + -10. Let r = 879 + -876. Let l = h - r. Is l composite?
False
Let v = 136611 - 69133. Is v prime?
False
Suppose 2*k = 0, 4*h - 5*k - 4071 - 9233 = 0. Suppose 2*r - 3*g = h, -8305 = -5*r + 2*g + 3*g. Is r a prime number?
True
Suppose -3*g = 16*g - 38. Let v(t) = 3*t**2 - 3*t - 2. Let h be v(g). Let j(z) = 36*z**3 + z - 1. Is j(h) composite?
True
Is (-2)/1*(42/(-70))/(42/22434755) prime?
True
Let q = 19367 - 3974. Suppose 0 = 8*x + 809 - q. Is x composite?
False
Let k = -1096 - 3715. Let q = k + 9033. Is q prime?
False
Let m(n) = -n**3 + 13*n**2 + 13*n + 4. Let q be m(14). Let z be q/(-25) + (-2488)/(-5). Is (-22)/(-33)*z/(-4)*-1 composite?
False
Let p(w) be the first derivative of 814*w**3/3 - 14*w**2 - 61*w - 46. Is p(-2) prime?
True
Suppose 4*w - 4*b = -6*b + 2364, -3*b - 2966 = -5*w. Suppose -2*l + 1169 = -4*n + 3*n, w = l - 3*n. Is l composite?
True
Suppose 3*t = -4*u + 1106486, 316*u - 319*u + 5*t + 829879 = 0. Is u a prime number?
True
Let c(a) = -2*a**2 + 134*a - 837. Let o be c(7). Let j = -3 - -7. Suppose 3*v = j*w + 221, -o*v - 5*w = -5*v + 138. Is v a composite number?
False
Let k(n) = -167*n**2 + 6*n - 10. Let f be k(2). Let u = 2831 + f. Is u a composite number?
True
Suppose -m + 92 = 1. Suppose 70*u - 240 = 74*u. Let q = u + m. Is q prime?
True
Let d(j) = -4*j - 5 + 12*j - 8*j**2 - 2*j**2 + 3*j**3 - 3*j. Is d(4) a composite number?
False
Suppose b - 7 = 0, 477441 = -32*k + 37*k - 2*b. Is k a prime number?
False
Let j(i) = -2*i**3 + 18*i**2 - 4*i - 25. Let c be j(16). Let r = 5088 - c. Is r prime?
True
Let t be (-914)/1*(-11)/(22/(-4)). Let v = t - -3047. Is v prime?
False
Let d(r) = 680*r - 132. Let m(a) = -679*a + 131. Let o(t) = 6*d(t) + 7*m(t). Is o(-6) a composite number?
True
Suppose -2*h - 548207 = -64*v + 63*v, -2*v = -2*h - 1096426. Is v composite?
True
Suppose 338*g = 342*g - 4*d - 332116, -2*d = 4*g - 332080. Is g prime?
True
Suppose -52*y = -45*y + 6468. Let j be ((-3)/9)/((-2)/9462). Let t = j + y. Is t a composite number?
False
Is (-14 + -14)/14*694124/(-8) a prime number?
True
Let g = 43605 + -23432. Is g composite?
False
Let r be (-1)/(44184/(-44190) + 1). Let i = -3464 - r. Is i a prime number?
False
Let a = 140 + -48. Suppose a = -7*d - 27. Let x = d + 136. Is x prime?
False
Suppose -88*l - 33969 = -239273. Is l a composite number?
False
Let m = 209 + -140. Suppose 820 = -m*s + 79*s. Is s composite?
True
Let p(r) = -2*r**3 - 5*r**2 + 106*r - 34. Is p(-13) composite?
False
Let w(n) = n**2 - 6*n + 3. Let r be w(5). Suppose 105 = 10*d + 75. Is ((-1)/d)/(r/6366) a prime number?
True
Let j = 93755 - -122567. Is j prime?
False
Let d(k) = -k**3 - 2*k**2 + 5*k - 7. Let x be d(-5). Suppose 0 = -x*i + 41*i + 1574. Is i a composite number?
False
Let u = 401066 + -60547. Is u a composite number?
False
Let n = -1666 + 3259. Let u = 4096 - n. Let f = u + -1212. Is f composite?
False
Let o = -33 - -29. Let r be (2/4)/((o/(-48))/(-1)). Is 207/r*42/(-9) a prime number?
False
Suppose -5*d - 83 = -p, p - 18*d = -22*d + 128. Let u be (1 + -3)*19/2. Let i = u + p. Is i composite?
False
Let x(w) = 2*w**3 - 5*w**2 + 25*w + 18. Suppose -3*l - 2 = 7. Let r(q) = q**2 + q - 1. Let d(n) = l*r(n) + x(n). Is d(10) composite?
True
Suppose 5*k = -4*r + 31, 141*k - 142*k = -3*r - 10. Let m(t) = 541*t + 50. Let n(x) = -270*x - 25. Let h(z) = -2*m(z) - 5*n(z). Is h(k) prime?
True
Let y(u) be the third derivative of -u**7/840 + u**6/18 - u**5/120 - 43*u**4/24 - 6*u**3 - 40*u**2. Let p(l) be the first derivative of y(l). Is p(18) prime?
True
Let r(o) be the third derivative of 19*o**4/8 - 14*o**3/3 - 14*o**2. Let a be r(-13). Let z = a - -1286. Is z composite?
True
Let z(l) be the first derivative of 829*l**2 - 57*l - 69. Is z(7) a prime number?
True
Let w(n) = 496*n**2 - 10*n - 7. Let o be w(-7). Suppose 27*z - 34*z + o = 0. Is z composite?
True
Suppose -22*w - 1939 = -13115. Suppose -b + a = -12173 + w, 2*b = 4*a + 23330. Is b a composite number?
True
Let y = -1021 - -1026. Suppose 2*m + 3*g = 53704, -y*m - 4*g = -m - 107404. Is m prime?
True
Let h(z) = 72*z**2 + 3*z - 5. Let k(i) = 24*i**2 + i - 2. Suppose 10*n - 11*n - 17 = 0. Let q(b) = n*k(b) + 6*h(b). Is q(3) prime?
True
Let i be 2/(4*4/4672). Suppose 4*s + k - i = -k, -3*k = -2*s + 284. Let g = -90 + s. Is g a composite number?
True
Let i = -12686 + -9378. Let g be i/(-48) - (-1)/3. Let p = g + -49. Is p composite?
True
Let p(v) be the second derivative of v**5/20 - 11*v**4/6 + v**3/3 + 13*v**2/2 - 33*v. Let d be p(13). Is (-5)/(-15)*-3 - d composite?
False
Is 32/(-144) - ((-624046)/(-18))/(-1) a prime number?
False
Suppose -2*o + 17*t - 16*t = -136847, 5*t = -2*o + 136817. Is o prime?
False
Is ((-86806)/8)/((-257)/1028) a prime number?
True
Let s(a) be the first derivative of -727*a**2/2 - 20*a - 26. Let g be s(-4). Suppose 1667 = 5*u - g. Is u composite?
False
Suppose -y + v + 2 = -3, -1 = v. Suppose 0*j - y*t - 17461 = -3*j, -4*j = 5*t - 23240. Is j prime?
False
Let k(v) = -31*v**3 - 11*v**2 - 4*v + 17. Let t = 254 - 260. Is k(t) a composite number?
True
Let c be 1/6 - (-2 - (-5)/(-6)). Suppose 4*m + w + 30 = -4*w, c*m + w + 17 = 0. Let v(o) = 9*o**2 + 18*o + 4. Is v(m) prime?
True
Suppose 2*b - 100183 - 72120 = b. Is b a prime number?
False
Let h(w) = -6*w - 159. Let r be h(-26). Is 2/(-1 - r)*(8 - -2043) composite?
True
Suppose -8*a + 5*a - 5*n = -30608, -50964 = -5*a + 4*n. Let t = -6157 + a. Is t a prime number?
False
Suppose 35 = -6*y + 7*y. Let r = y - 33. Is ((-37)/2)/((1 + r)/(-6)) prime?
True
Suppose p - 198 = -p. Let l(s) = -37*s - 1875. Let h be l(-49). Let d = p + h. Is d a composite number?
False
Let d(f) be the first derivative of -501*f**2/2 + 73*f - 247. Is d(-6) a composite number?
False
Let h be (-13)/((-234)/(-96)) + (-6)/9. Is 1/(h + 59500/9916) a prime number?
False
Suppose -19*b + 970417 = -3169702. Is b a prime number?
True
Let h(k) = k**2 - 19*k + 9. Let c be h(19). Suppose -50 = c*g + 40. Is (-15)/g - 3 - 4402/(-4) a prime number?
False
Let t(i) = 22129*i**2 - 8*i - 88. Is t(-3) a prime number?
False
Let k = -1783398 - -2695964. Is k a prime number?
False
Suppose -42 = 2*j + 8. Let y be (5/j*0)/(-2). Suppose y*a - a = -681. Is a a composite number?
True
Let c be 15*(1013 + 10 + -6). Suppose -c = 6*i - 36009. Is i a composite number?
True
Let c = 9 + -6. Let k = -8808 - -15917. Suppose -u = c*u - s - k, -2*s + 1775 = u. Is u a composite number?
False
Suppose -18*f + 35*f + 632863 = 24*f. Is f a prime number?
False
Let b(r) be the second derivative of -r**4/12 - 31*r**3/3 + 11*r**2 - 23*r + 1. Is b(-29) prime?
False
Is 2694298*(0 + 2/12) + (-48)/(-36) a prime number?
True
Let i(q) = -34*q + 3. Let y(r) = -205*r + 17. Let v(a) = 39*i(a) - 6*y(a). Let b be v(-6). Let d = b - 292. Is d a composite number?
True
Let o(p) = -22*p + 60*p**2 - 40 - 29 - 28 - 53*p**2. Is o(-28) a prime number?
True
Suppose u - 25 = 5*y, -5*u = -4*y + 5 - 46. Suppose -572 - 20641 = -3*z - 2*m, -u*z = 4*m - 35357. Is z a prime number?
True
Let s(o) = 4424*o**2 - 72*o + 13. Is s(6) composite?
True
Let a = 45 + -42. Suppose -2*v = -4*x + 19590, -a*x - 3*v = 2*x - 24482. Is x a prime number?
False
Suppose v - 1032 = 2056. Suppose -5*m = -5*u + 7280, 3*u = -2*m + 1270 + v. Is u composite?
True
Let m(o) = 2166*o**2 - 3*o + 4. Let a(r) = -r**2 + 12*r - 35. Let s be a(6). Is m(s) a composite number?
True
Suppose 4*n + 2*d = -112, -68 - 11 = 3*n - d. Let b = n - -34. Is 2/(b + -5)*(0 - -3755) prime?
False
Suppose 3*g - 1119493 = -4*n, -n = -4*g + 8*g - 279857. Is n a prime number?
F